{"id":86,"date":"2016-03-09T18:35:48","date_gmt":"2016-03-09T17:35:48","guid":{"rendered":"http:\/\/mairie-leplessisgassot.fr\/?page_id=86"},"modified":"2017-04-07T16:42:43","modified_gmt":"2017-04-07T15:42:43","slug":"vos-demarches","status":"publish","type":"page","link":"https:\/\/mairie-leplessisgassot.fr\/?page_id=86","title":{"rendered":"Vos d\u00e9marches"},"content":{"rendered":"<p>[vc_row][vc_column][vc_column_text]<\/p>\n<h2>Naissance, mariage, d\u00e9c\u00e8s<\/h2>\n<p>[\/vc_column_text][vc_tta_accordion gap=&#8221;10&#8243; active_section=&#8221;-1&#8243; no_fill=&#8221;true&#8221;][vc_tta_section title=&#8221;D\u00e9claration de naissance&#8221; tab_id=&#8221;declaration-de-naissance&#8221;][vc_column_text]<\/p>\n<ul>\n<li>s&#8217;adresser \u00e0 la mairie du lieu de naissance dans les trois jours qui suivent la naissance<\/li>\n<li>pi\u00e8ces \u00e0 fournir : livret de famille ou carte d&#8217;identit\u00e9, certificat du m\u00e9decin et certificat de naissance<\/li>\n<\/ul>\n<p>[\/vc_column_text][\/vc_tta_section][vc_tta_section title=&#8221;Copie d&#8217;acte de naissance&#8221; tab_id=&#8221;copie-dacte-de-naissance&#8221;][vc_column_text]<\/p>\n<ul>\n<li>s&#8217;adresser \u00e0 la mairie du lieu de naissance<\/li>\n<li>pi\u00e8ces \u00e0 fournir : date de naissance, nom et pr\u00e9noms, noms et pr\u00e9noms des parents, Carte Nationale d&#8217;Identit\u00e9 (CNI) ou passeport, une enveloppe timbr\u00e9e<\/li>\n<\/ul>\n<p>[\/vc_column_text][\/vc_tta_section][vc_tta_section title=&#8221;Copie d\u2019acte de mariage portant la mention du divorce&#8221; tab_id=&#8221;copie-dacte-de-mariage-portant-la-mention-du-divorce&#8221;][vc_column_text]<\/p>\n<ul>\n<li>S\u2019adresser \u00e0 la mairie du lieu de mariage<\/li>\n<li>Indiquer date du mariage nom, pr\u00e9nom, filiation.<\/li>\n<li>Joindre une enveloppe timbr\u00e9e \u00e0 votre adresse pour la r\u00e9ponse.<\/li>\n<\/ul>\n<p>[\/vc_column_text][\/vc_tta_section][vc_tta_section title=&#8221;Copie du jugement de divorce&#8221; tab_id=&#8221;copie-du-jugement-de-divorce&#8221;][vc_column_text]<\/p>\n<ul>\n<li>s\u2019adresser \u00e0 l\u2019avocat ou au tribunal qui a prononc\u00e9 le divorce<\/li>\n<\/ul>\n<p>[\/vc_column_text][\/vc_tta_section][vc_tta_section title=&#8221;D\u00e9claration de d\u00e9c\u00e8s&#8221; tab_id=&#8221;declaration-de-deces&#8221;][vc_column_text]<\/p>\n<ul>\n<li>s\u2019adresser \u00e0 la mairie du lieu de d\u00e9c\u00e8s dans les 24 heures qui suivent le d\u00e9c\u00e8s<\/li>\n<li>pi\u00e8ces \u00e0 fournir : livret de famille et certificat de d\u00e9c\u00e8s d\u00e9livr\u00e9 par le m\u00e9decin<\/li>\n<\/ul>\n<p>[\/vc_column_text][\/vc_tta_section][vc_tta_section title=&#8221;Copie d\u2019acte de d\u00e9c\u00e8s&#8221; tab_id=&#8221;copie-dacte-de-deces&#8221;][vc_column_text]<\/p>\n<ul>\n<li>s\u2019adresser \u00e0 la mairie du lieu de d\u00e9c\u00e8s ou du dernier domicile<\/li>\n<li>pi\u00e8ces \u00e0 fournir : date de d\u00e9c\u00e8s, nom et pr\u00e9noms (indiquer le nom de jeune fille), une enveloppe timbr\u00e9e<\/li>\n<\/ul>\n<p>[\/vc_column_text][\/vc_tta_section][vc_tta_section title=&#8221;Mariage&#8221; tab_id=&#8221;mariage&#8221;][vc_column_text]<\/p>\n<ul>\n<li>s\u2019adresser \u00e0 la mairie du lieu de domicile<\/li>\n<li>pi\u00e8ces \u00e0 fournir : copie int\u00e9grale de l\u2019acte de naissance des futurs \u00e9poux (validit\u00e9 de moins de 3 mois \u00e0 la date du mariage), CNI ou passeport, justificatif de domicile (moins de trois mois)<\/li>\n<li><strong>Si contrat de mariage<\/strong> : certificat du notaire<\/li>\n<li><strong>Si d\u00e9c\u00e8s du pr\u00e9c\u00e9dent conjoint<\/strong> : acte de d\u00e9c\u00e8s<\/li>\n<li>observations : dossier \u00e0 d\u00e9poser minimum 5 semaines avant la c\u00e9l\u00e9bration<\/li>\n<li>deux t\u00e9moins majeurs minimum<\/li>\n<\/ul>\n<p>[\/vc_column_text][\/vc_tta_section][vc_tta_section title=&#8221;Livret de famille&#8221; tab_id=&#8221;livret-de-famille&#8221;][vc_column_text]<\/p>\n<ul>\n<li>s\u2019adresser \u00e0 la mairie du lieu de domicile<\/li>\n<li>pi\u00e8ces \u00e0 fournir : en cas de perte ou de vol, un certificat de perte ou de vol (commissariat), l\u2019\u00e9tat civil des conjoints et des enfants<\/li>\n<\/ul>\n<p>[\/vc_column_text][\/vc_tta_section][\/vc_tta_accordion][vc_column_text]<\/p>\n<h2>Identit\u00e9<\/h2>\n<p>[\/vc_column_text][vc_tta_accordion gap=&#8221;10&#8243; active_section=&#8221;-1&#8243; no_fill=&#8221;true&#8221;][vc_tta_section title=&#8221;Carte nationale d\u2019identit\u00e9&#8221; tab_id=&#8221;cni&#8221;][vc_column_text]<\/p>\n<ul>\n<li>s\u2019adresser \u00e0 la mairie d&#8217;Ecouen<\/li>\n<li>pi\u00e8ces \u00e0 fournir : 2 photos d\u2019identit\u00e9 aux normes, livret de famille, justificatifs de domicile de moins de trois mois (EDF, France T\u00e9l\u00e9com, Lyonnaise des Eaux, \u2026), ancienne carte d\u2019identit\u00e9<\/li>\n<li>pour les mineurs : pr\u00e9sence d&#8217;un des parents et copie du jugement en cas de divorce<\/li>\n<li>en cas de perte ou de vol, un certificat de perte (\u00e0 \u00e9tablir en mairie) ou de vol (commissariat) et des Timbres Fiscaux d\u2019un montant de 25 euros<\/li>\n<li>transmettre nom, pr\u00e9noms et date\/lieu de naissance de ses propres parents<\/li>\n<\/ul>\n<p>Toute personne d\u00e9sirant \u00e9tablir une Carte Nationale d\u2019Identit\u00e9 doit venir personnellement en mairie : empreinte et signature obligatoire<br \/>\nPour une premi\u00e8re demande, fournir l\u2019acte de naissance.<\/p>\n<p><strong>Valable 15 ans pour les majeurs<\/strong>[\/vc_column_text][\/vc_tta_section][vc_tta_section title=&#8221;Passeport&#8221; tab_id=&#8221;passeport&#8221;][vc_column_text]Il est <strong>valable 10 ans<\/strong> &#8211; Personne majeure \/ Personne mineure<br \/>\nPour le d\u00e9partement du Val d\u2019Oise, les demandes de passeport sont re\u00e7ues dans les communes suivantes :<\/p>\n<ul>\n<li>Argenteuil,<\/li>\n<li>Auvers-sur-Oise,<\/li>\n<li>Beaumont-sur-Oise,<\/li>\n<li>Cergy,<\/li>\n<li>Domont,<\/li>\n<li>Eaubonne,<\/li>\n<li>Ecouen,<\/li>\n<li>Enghien-les-Bains,<\/li>\n<li>Eragny-sur-Oise,<\/li>\n<li>Ermont,<\/li>\n<li>Franconville,<\/li>\n<li>Garges-les-Gonesse,<\/li>\n<li>Gonesse,<\/li>\n<li>Goussainville,<\/li>\n<li>Herblay,<\/li>\n<li>l\u2019Isle-Adam,<\/li>\n<li>Jouy-le-Moutier,<\/li>\n<li>Luzarches,<\/li>\n<li>Magny-en-Vexin,<\/li>\n<li>Marines,<\/li>\n<li>Montmorency,<\/li>\n<li>Pontoise,<\/li>\n<li>Roissy-en-France,<\/li>\n<li>Saint-Gratien,<\/li>\n<li>Saint-Leu-la-For\u00eat,<\/li>\n<li>Saint-Ouen-L\u2019Aum\u00f4ne,<\/li>\n<li>Sannois,<\/li>\n<li>Sarcelles,<\/li>\n<li>Soisy-sous-Montmorency,<\/li>\n<li>Taverny,<\/li>\n<li>Vigny,<\/li>\n<li>Villiers-le-Bel.<\/li>\n<\/ul>\n<p>[\/vc_column_text][\/vc_tta_section][\/vc_tta_accordion][vc_column_text]<\/p>\n<h2>Divers<\/h2>\n<p>[\/vc_column_text][vc_tta_accordion gap=&#8221;10&#8243; active_section=&#8221;-1&#8243; no_fill=&#8221;true&#8221;][vc_tta_section title=&#8221;Certificat d\u2019h\u00e9r\u00e9dit\u00e9 (ou propri\u00e9t\u00e9)&#8221; tab_id=&#8221;certificat-dheredite&#8221;][vc_column_text]Sommes inf\u00e9rieures \u00e0 5 300 \u20ac s&#8217;adresser \u00e0 la Mairie.<br \/>\nSommes sup\u00e9rieures \u00e0 5 300 \u20ac, juge d&#8217;instance ou notaire.<br \/>\nJustificatif de l&#8217;organisme public demandeur.<br \/>\nPi\u00e8ces \u00e0 fournir : Livret de famille du d\u00e9funt, 2 t\u00e9moins majeurs non apparent\u00e9s aux h\u00e9ritiers et entre eux avec leur pi\u00e8ce d&#8217;identit\u00e9.[\/vc_column_text][\/vc_tta_section][vc_tta_section title=&#8221;Certificat de nationalit\u00e9&#8221; tab_id=&#8221;certificat-de-nationalite&#8221;][vc_column_text]<\/p>\n<ul>\n<li>s\u2019adresser au Tribunal d\u2019Instance du domicile<\/li>\n<\/ul>\n<p>[\/vc_column_text][\/vc_tta_section][vc_tta_section title=&#8221;Attestation sur l\u2019honneur de vie commune ou de concubinage&#8221; tab_id=&#8221;attestation-sur-lhonneur-de-vie-commune&#8221;][vc_column_text]<\/p>\n<ul>\n<li>s\u2019adresser \u00e0 la mairie du domicile, accompagn\u00e9s de deux t\u00e9moins sans lien familial<\/li>\n<li>pi\u00e8ces \u00e0 fournir : justificatif de domicile de moins de 3 mois, cartes nationales d&#8217;identit\u00e9 des personnes concern\u00e9es et des t\u00e9moins<\/li>\n<\/ul>\n<p>[\/vc_column_text][\/vc_tta_section][vc_tta_section title=&#8221;Casier judiciaire&#8221; tab_id=&#8221;casier-judiciaire&#8221;][vc_column_text]<\/p>\n<ul>\n<li>s\u2019adresser au Casier judiciaire, 107 rue Landreau \u2013 44317 Nantes Cedex 03<\/li>\n<li>pi\u00e8ces \u00e0 fournir : copie carte nationale d\u2019identit\u00e9 ou livret de famille<\/li>\n<li>observations : joindre une enveloppe timbr\u00e9e \u00e0 votre adresse<\/li>\n<li>Visitez le site du <a href=\"https:\/\/www.cjn.justice.gouv.fr\/cjn\/b3\/eje20\" target=\"_blank\">Minist\u00e8re de la Justice<\/a> pour plus d\u2019informations<\/li>\n<\/ul>\n<p>[\/vc_column_text][\/vc_tta_section][vc_tta_section title=&#8221;Carte grise&#8221; tab_id=&#8221;carte-grise&#8221;][vc_column_text]<\/p>\n<ul>\n<li>s&#8217;adresser \u00e0 la <a href=\"http:\/\/www.val-doise.gouv.fr\/Services-de-l-Etat\/Prefecture-et-sous-prefectures\/Sous-prefecture-de-Sarcelles\" target=\"_blank\">sous-pr\u00e9fecture de Sarcelles<\/a><\/li>\n<li>pi\u00e8ces \u00e0 fournir : certificat de vente, carte grise barr\u00e9e et sign\u00e9e par le vendeur, carte d&#8217;identit\u00e9 en cours de validit\u00e9, un justificatif de domicile (moins de 3 mois), un ch\u00e8que, contr\u00f4le technique en cours de validit\u00e9 de moins de six mois<\/li>\n<\/ul>\n<p>[\/vc_column_text][\/vc_tta_section][vc_tta_section title=&#8221;Copie conforme uniquement pour les administrations \u00e9trang\u00e8res&#8221; tab_id=&#8221;copie-conforme&#8221;][vc_column_text]<\/p>\n<ul>\n<li>s&#8217;adresser \u00e0 la mairie<\/li>\n<li>pi\u00e8ces \u00e0 fournir : la copie et l&#8217;original du document, document destinataire \u00e9tranger<\/li>\n<\/ul>\n<p>[\/vc_column_text][\/vc_tta_section][vc_tta_section title=&#8221;L\u00e9galisation de signature&#8221; tab_id=&#8221;legalisation-de-signature&#8221;][vc_column_text]<\/p>\n<ul>\n<li>se pr\u00e9senter \u00e0 la mairie avec le document \u00e0 l\u00e9galiser<\/li>\n<li>remarque : le document doit \u00eatre sign\u00e9 au guichet\u00a0devant l&#8217;officier<\/li>\n<li>pi\u00e8ces \u00e0 fournir : justificatif de domicile de moins de trois mois, pi\u00e8ce d&#8217;identit\u00e9<\/li>\n<\/ul>\n<p>[\/vc_column_text][\/vc_tta_section][vc_tta_section title=&#8221;Certificat de vie (pour l&#8217;administration \u00e9trang\u00e8re)&#8221; tab_id=&#8221;certificat-de-vie&#8221;][vc_column_text]<\/p>\n<ul>\n<li>se pr\u00e9senter \u00e0 la mairie<\/li>\n<li>pi\u00e8ces \u00e0 fournir : pi\u00e8ce d&#8217;identit\u00e9<\/li>\n<\/ul>\n<p>[\/vc_column_text][\/vc_tta_section][vc_tta_section title=&#8221;Permis de chasser&#8221; tab_id=&#8221;permis-de-chasser&#8221;][vc_column_text]<\/p>\n<ul>\n<li>s&#8217;adresser \u00e0 la <a href=\"http:\/\/www.val-doise.gouv.fr\/\" target=\"_blank\">pr\u00e9fecture de Cergy<\/a><\/li>\n<\/ul>\n<p>[\/vc_column_text][\/vc_tta_section][vc_tta_section title=&#8221;Attestation d&#8217;accueil&#8221; tab_id=&#8221;attestation-daccueil&#8221;][vc_column_text]<\/p>\n<ul>\n<li>s&#8217;adresser \u00e0 la mairie de l&#8217;h\u00e9bergeur<\/li>\n<li>pi\u00e8ces \u00e0 fournir par l&#8217;h\u00e9bergeur\u00a0: pi\u00e8ce d&#8217;identit\u00e9, titre de propri\u00e9t\u00e9 ou bail locatif, justificatif de domicile r\u00e9cent (moins de trois mois), 3 derni\u00e8res fiches de paie, dernier avis d&#8217;imposition sur le revenu, livret de famille, superficie du logement et nombre de pi\u00e8ces, timbre fiscal de 30\u20ac<\/li>\n<li>informations \u00e0 fournir sur la personne h\u00e9berg\u00e9e : nom, pr\u00e9nom, date et lieu de naissance, adresse pr\u00e9cise, num\u00e9ro du passeport, dur\u00e9e du s\u00e9jour, date d&#8217;arriv\u00e9e en France et date de d\u00e9part<\/li>\n<\/ul>\n<p>[\/vc_column_text][\/vc_tta_section][\/vc_tta_accordion][vc_column_text]<\/p>\n<h2>Elections \/ Citoyennet\u00e9<\/h2>\n<p>[\/vc_column_text][vc_tta_accordion spacing=&#8221;10&#8243; active_section=&#8221;-1&#8243; no_fill=&#8221;true&#8221;][vc_tta_section title=&#8221;Recensement militaire (gar\u00e7ons et filles de 16 ans)&#8221; tab_id=&#8221;recensement&#8221;][vc_column_text]<\/p>\n<ul>\n<li>s&#8217;adresser \u00e0 la mairie du domicile<\/li>\n<li>pi\u00e8ces \u00e0 fournir : copie carte nationale d&#8217;identit\u00e9, livret de famille et justificatif de domicile<\/li>\n<li>observations : le recensement militaire est indispensable pour s&#8217;inscrire aux examens et concours soumis au contr\u00f4le de l&#8217;autorit\u00e9 publique (CAP, BEP, Bac, permis de conduire, &#8230;), assister \u00e0 la journ\u00e9e d&#8217;appel de pr\u00e9paration \u00e0 la d\u00e9fense, \u00eatre inscrit automatiquement sur les listes \u00e9lectorales d\u00e8s 18 ans<\/li>\n<\/ul>\n<p>[\/vc_column_text][\/vc_tta_section][vc_tta_section title=&#8221;Carte d\u2019\u00e9lecteur &#8221; tab_id=&#8221;carte-delecteur&#8221;][vc_row_inner][vc_column_inner][vc_column_text]<\/p>\n<ul>\n<li>s&#8217;adresser \u00e0 la mairie du domicile<\/li>\n<li>pi\u00e8ces \u00e0 fournir : carte nationale d&#8217;identit\u00e9 en cours de validit\u00e9, justificatif de domicile (moins de trois mois)<\/li>\n<li>remarque : inscrivez-vous avant le 31 d\u00e9cembre pour pouvoir voter l&#8217;ann\u00e9e suivante<\/li>\n<\/ul>\n<p>[\/vc_column_text][\/vc_column_inner][\/vc_row_inner][\/vc_tta_section][\/vc_tta_accordion][\/vc_column][\/vc_row]<\/p>\n","protected":false},"excerpt":{"rendered":"<p>[vc_row][vc_column][vc_column_text] Naissance, mariage, d\u00e9c\u00e8s [\/vc_column_text][vc_tta_accordion gap=&#8221;10&#8243; active_section=&#8221;-1&#8243; no_fill=&#8221;true&#8221;][vc_tta_section title=&#8221;D\u00e9claration de naissance&#8221; tab_id=&#8221;declaration-de-naissance&#8221;][vc_column_text] s&#8217;adresser \u00e0 la mairie du lieu de naissance dans les trois jours qui suivent la naissance pi\u00e8ces \u00e0 fournir : livret de famille ou carte d&#8217;identit\u00e9, certificat du m\u00e9decin et certificat de naissance [\/vc_column_text][\/vc_tta_section][vc_tta_section title=&#8221;Copie d&#8217;acte de naissance&#8221; tab_id=&#8221;copie-dacte-de-naissance&#8221;][vc_column_text] s&#8217;adresser \u00e0 la mairie [&hellip;]<\/p>\n","protected":false},"author":1,"featured_media":0,"parent":124,"menu_order":0,"comment_status":"closed","ping_status":"closed","template":"","meta":{"footnotes":""},"_links":{"self":[{"href":"https:\/\/mairie-leplessisgassot.fr\/index.php?rest_route=\/wp\/v2\/pages\/86"}],"collection":[{"href":"https:\/\/mairie-leplessisgassot.fr\/index.php?rest_route=\/wp\/v2\/pages"}],"about":[{"href":"https:\/\/mairie-leplessisgassot.fr\/index.php?rest_route=\/wp\/v2\/types\/page"}],"author":[{"embeddable":true,"href":"https:\/\/mairie-leplessisgassot.fr\/index.php?rest_route=\/wp\/v2\/users\/1"}],"replies":[{"embeddable":true,"href":"https:\/\/mairie-leplessisgassot.fr\/index.php?rest_route=%2Fwp%2Fv2%2Fcomments&post=86"}],"version-history":[{"count":10,"href":"https:\/\/mairie-leplessisgassot.fr\/index.php?rest_route=\/wp\/v2\/pages\/86\/revisions"}],"predecessor-version":[{"id":845,"href":"https:\/\/mairie-leplessisgassot.fr\/index.php?rest_route=\/wp\/v2\/pages\/86\/revisions\/845"}],"up":[{"embeddable":true,"href":"https:\/\/mairie-leplessisgassot.fr\/index.php?rest_route=\/wp\/v2\/pages\/124"}],"wp:attachment":[{"href":"https:\/\/mairie-leplessisgassot.fr\/index.php?rest_route=%2Fwp%2Fv2%2Fmedia&parent=86"}],"curies":[{"name":"wp","href":"https:\/\/api.w.org\/{rel}","templated":true}]}}