{"id":298,"date":"2016-03-10T14:53:16","date_gmt":"2016-03-10T13:53:16","guid":{"rendered":"http:\/\/mairie-leplessisgassot.fr\/?page_id=298"},"modified":"2016-03-10T14:53:16","modified_gmt":"2016-03-10T13:53:16","slug":"transports","status":"publish","type":"page","link":"https:\/\/mairie-leplessisgassot.fr\/?page_id=298","title":{"rendered":"Transports"},"content":{"rendered":"<h2>Le train<\/h2>\n<p>Les gares des plus proches, desservies par le train et le RER :<\/p>\n<ul>\n<li><a href=\"https:\/\/www.transilien.com\/lignes\/rer-trains\/ligne-H\" target=\"_blank\">\u00c9COUEN Ligne H PARIS &#8211; PERSAN-BEAUMONT<\/a><\/li>\n<li><a href=\"https:\/\/www.transilien.com\/lignes\/rer-trains\/rer-D\" target=\"_blank\">GOUSSAINVILE Ligne D du RER<\/a><\/li>\n<li><a href=\"https:\/\/www.transilien.com\/lignes\/rer-trains\/rer-D\" target=\"_blank\">VILLIERS-LE-BEL Ligne D du RER<\/a><\/li>\n<\/ul>\n<p><a href=\"http:\/\/www.vianavigo.com\/\" target=\"_blank\">Tous les horaires de train et itin\u00e9raire<br \/>\nPr\u00e9parer ses d\u00e9placements en transport en commun en\u00a0l&#8217;Ile-de-France<br \/>\n<\/a><\/p>\n<p>Pour plus d&#8217;information :<br \/>\nSNCF &#8211; \u00cele de France<br \/>\n01.45.65.60.00<\/p>\n<h2>Le Bus (ligne scolaire)<\/h2>\n<p><a href=\"http:\/\/www.keolis-cif.com\/fileadmin\/Sites\/cif\/documents\/Lignes\/horaires\/Ligne_46_Aout_2015.pdf\" target=\"_blank\">Ligne 46 &#8211; Le Plessis &#8211; Gassot Blancs Manteaux &#8211; Luzarches Coll\u00e8ge A. de Noailles \/ Lyc\u00e9e G. de Nerval<\/a><\/p>\n","protected":false},"excerpt":{"rendered":"<p>Le train Les gares des plus proches, desservies par le train et le RER : \u00c9COUEN Ligne H PARIS &#8211; PERSAN-BEAUMONT GOUSSAINVILE Ligne D du RER VILLIERS-LE-BEL Ligne D du RER Tous les horaires de train et itin\u00e9raire Pr\u00e9parer ses d\u00e9placements en transport en commun en\u00a0l&#8217;Ile-de-France Pour plus d&#8217;information : SNCF &#8211; \u00cele de France [&hellip;]<\/p>\n","protected":false},"author":1,"featured_media":0,"parent":118,"menu_order":0,"comment_status":"closed","ping_status":"closed","template":"","meta":{"footnotes":""},"_links":{"self":[{"href":"https:\/\/mairie-leplessisgassot.fr\/index.php?rest_route=\/wp\/v2\/pages\/298"}],"collection":[{"href":"https:\/\/mairie-leplessisgassot.fr\/index.php?rest_route=\/wp\/v2\/pages"}],"about":[{"href":"https:\/\/mairie-leplessisgassot.fr\/index.php?rest_route=\/wp\/v2\/types\/page"}],"author":[{"embeddable":true,"href":"https:\/\/mairie-leplessisgassot.fr\/index.php?rest_route=\/wp\/v2\/users\/1"}],"replies":[{"embeddable":true,"href":"https:\/\/mairie-leplessisgassot.fr\/index.php?rest_route=%2Fwp%2Fv2%2Fcomments&post=298"}],"version-history":[{"count":1,"href":"https:\/\/mairie-leplessisgassot.fr\/index.php?rest_route=\/wp\/v2\/pages\/298\/revisions"}],"predecessor-version":[{"id":300,"href":"https:\/\/mairie-leplessisgassot.fr\/index.php?rest_route=\/wp\/v2\/pages\/298\/revisions\/300"}],"up":[{"embeddable":true,"href":"https:\/\/mairie-leplessisgassot.fr\/index.php?rest_route=\/wp\/v2\/pages\/118"}],"wp:attachment":[{"href":"https:\/\/mairie-leplessisgassot.fr\/index.php?rest_route=%2Fwp%2Fv2%2Fmedia&parent=298"}],"curies":[{"name":"wp","href":"https:\/\/api.w.org\/{rel}","templated":true}]}}